 - n - 1. Suppose -6*j - 10 = 14. Let s be 0 + (8/(-2) - j). Calculate f(s).
1
Let p(g) = 6*g - 22. Let m(t) = 4*t - 12. Let s(z) = -10*m(z) + 6*p(z). Calculate s(-5).
8
Let l be 9/(26/8 + -4). Let r = -8 - l. Suppose -2*j + 22 = r*w, j + 10 = -5*w + 6*j. Let f(i) = -i**2 - i + 2. What is f(w)?
-10
Let q(g) = g**2 - 6*g + 2. Suppose 0 = -3*u + 4*u - r - 6, -3*u + 2*r = -17. Give q(u).
-3
Let b(k) be the second derivative of -k**6/360 - k**5/120 + 2*k**4/3 + k**3/6 + 5*k. Let d(i) be the second derivative of b(i). What is d(0)?
16
Let c(h) = -2*h - 15. Let d(y) = -y - 3. Let w(r) = -c(r) + 6*d(r). Give w(-3).
9
Let u(m) = m**2 - 2*m - 1. Let h(r) = r**3 + 8*r**2 + 12*r - 5. Let f be h(-6). Calculate u(f).
34
Let w(t) = 9*t + 3. Let s(x) = 6*x + 3. Let z(o) = 5*s(o) - 4*w(o). Give z(2).
-9
Let z(k) = -4*k**2. Suppose -4*q = -2*p - 18, 5*q - 2 - 18 = 0. Calculate z(p).
-4
Let m(z) = -4*z + 1. Let j(d) = 11*d - 4. Let q(t) = 2*j(t) + 7*m(t). What is q(1)?
-7
Let d(y) be the first derivative of 1/2*y**2 + 51 + 15*y. Give d(0).
15
Let a be ((-3)/(-15)*0)/(2/2). Let c be (-5)/(-15)*a + -2. Let p(b) = -5*b**2 - b + 2. What is p(c)?
-16
Let x(n) = 31*n**2 + 5*n + 15. Let v(j) = -6*j**2 + j + 1. Let k(s) = -5*v(s) - x(s). Determine k(-5).
5
Suppose -4*v + 3*c + 12 = 0, -v - 4*c + 3 = -0. Let f(l) = 2*l**3 + 2*l + 0*l + v*l**2 - l**3 + l**3. Suppose j + 2*j = -6. Determine f(j).
-8
Let o(r) = -1 + 586*r**2 - 585*r**2 - 8 + 2 + 6*r - 3. What is o(-5)?
-15
Let o(r) = 3*r**3 + 3*r**2 + 2*r. Suppose -5*j = z - 3, j + 0*j = -4*z + 88. Let x = z - 24. Let b be o(x). Let c(m) = -3*m - 1. Give c(b).
5
Let d(y) = y + 7. Suppose -111 = 3*f - 3*m, -3*f = f - 2*m + 148. Suppose -b + 15 + 15 = 0. Let n = f + b. What is d(n)?
0
Let y be 3/2 + 78/4. Let c be -13 + 2/((-7)/(y/(-2))). Let z(b) = b**3 + 11*b**2 + 10*b + 2. What is z(c)?
2
Let w(d) = 1 + 1 - 2*d**2 - 3 + 16*d**2 + 2*d. Calculate w(1).
15
Let x be 1 - (1 - 1)*-1 - -162. Let q(l) = x*l**2 + 5 - 81*l**2 - 81*l**2 + 5*l. Calculate q(-4).
1
Let l = 3 + -8. Let n(c) = 3*c**2 - 8*c + 4. Let i(f) = 4*f**2 - 9*f + 5. Let t(j) = -4*i(j) + 5*n(j). Give t(l).
-5
Let z(u) be the first derivative of -u**2/2 + 12. Let c(s) = -2*s + 4. Let d(x) = -c(x) + 3*z(x). What is d(0)?
-4
Let d(h) = h - 4. Suppose -3*c + 5*s = 12, -2*c + 3*s = c + 6. Let u(o) = o**3 + 2*o - 1. Let n be u(c). Give d(n).
-2
Let w(q) be the first derivative of q**4/12 + q**3/2 - q**2 - 3*q + 13. Let l(n) be the first derivative of w(n). Let v = -3 - 0. What is l(v)?
-2
Suppose 10 + 2 = 4*r. Let j(b) = b**2 - b**r + 4*b - 472 + 477 + 4*b**2. Give j(6).
-7
Let l(v) = -v**2 - 8*v + 23. Let q be l(-10). Let w(j) = j - 2*j**2 + 4*j**2 - j**2 + 14*j**3 + 2*j**q. What is w(-1)?
-16
Let l(y) = 6*y. Let x = -58 + 62. Suppose -x*g = -5*g - 1. Determine l(g).
-6
Let g(i) = i + 31. Let q = 687 + -687. Determine g(q).
31
Suppose -2*y + 0*s = 3*s + 15, 4*s = 12. Let m be 4/y + 8/6. Let i(f) = 2 - 11*f**2 - m - 2. Give i(1).
-12
Let m(g) be the first derivative of -g**4/4 - 5*g**3/3 + 3*g**2/2 + 4*g + 495. Determine m(-5).
-11
Let p(b) = -b**3 - b**2 - 3. Let s(j) = 56*j**2 + 2*j + 1. Let m be s(-1). Let r = -55 + m. What is p(r)?
-3
Let d(f) = f**3 - 4*f**2 + 3*f - 4. Let o(t) = -t**3 - 9*t**2 - 15*t - 3. Let w be o(-7). Calculate d(w).
8
Let j = -16 - -22. Suppose x - 2 = -1. Let a(y) = 5 + 4 + 2*y - y**2 - x + 2*y. Calculate a(j).
-4
Let d(t) = 11*t**2 + 17*t + 4. Let z(v) = -3*v**2 - 4*v - 1. Let m(p) = -2*d(p) - 9*z(p). Calculate m(-2).
17
Let p = 1901 + -1890. Let q(b) = b**2 - 15*b - 5. Give q(p).
-49
Let b be 2*((-7)/(-2) + 0). Let l(f) = 8*f - 2*f**3 - 3*f**2 + 3*f**3 - 5*f - 3*f**2 + b. Suppose -2*w - 2*z = w - 23, 4*z = w + 11. Give l(w).
-3
Let p(y) = -y**3 + 12*y**2 + 13*y + 6. Suppose -4*o + 0 = 2*r - 10, -5*o = r + 7. Let k be p(r). Let j(n) = 2*n - 1 - k*n**3 + 0 + 0. Give j(1).
-5
Let o(y) = -40*y**3 + 6*y**2 + 6*y + 38. Let n(t) = 8*t**3 - t**2 - t - 7. Let d(m) = 11*n(m) + 2*o(m). Calculate d(1).
9
Let m(q) = -11*q**3 + 2*q**2 - 2*q + 1. Suppose 3*l = -g + 12, -g - 3*l = -4*g. Let b(a) = a - 15. Let w be b(22). Suppose 4*p + g = w*p. Give m(p).
-10
Let z(c) = -c + 27. Let a(t) = 3. Let j(p) = 6*a(p) - z(p). Give j(8).
-1
Let n(a) = -a**2 + 21*a - 16. Suppose 4*q = 3*y + 81, -14*q + 12*q = y - 43. Determine n(q).
-16
Suppose 0 = -282*t + 275*t - 35. Let p(y) = -3*y + 8. What is p(t)?
23
Let g = -6 - -8. Let z(v) = v**2 + 139*v**3 - 6*v**g + 5 - 138*v**3. What is z(4)?
-11
Let s(r) = 17*r + 20. Let u(p) = -10*p - 11. Let k(h) = 3*s(h) + 5*u(h). Give k(-4).
1
Let z(u) = u**2 + u. Let f(p) = 5*p - 1. Let m = -2 + 1. Let n be f(m). Let v(x) = -5*x**2 - 10*x - 1. Let j(k) = n*z(k) - v(k). Determine j(4).
1
Let o(p) = p**3 - 25*p**2 - 86*p + 57. Let c be o(28). Let b(g) = -24*g**2 - 3*g + 2. Give b(c).
-25
Suppose -3*i + 5 = -q, 2*q + 10 = 11*i - 6*i. Let s(a) = a**3 + 2*a**2 - 7*a - 7. Calculate s(q).
-47
Let c(s) = 5*s**2 + 0*s + 2 - 7*s + 1 - 4*s**2. Let h(n) = 3*n**2 - 19*n + 39. Let i be h(3). Calculate c(i).
21
Let s(k) = -k**2 - 4*k**3 - 5*k**3 - 2 + 22*k**3 - 6*k**3 - 6*k**3 + 2*k. Give s(2).
6
Let l be 0 - 19/(133/42). Let d(s) = -s**3 - 3*s**2 + 19*s - 4. What is d(l)?
-10
Let s(f) be the second derivative of f**5/20 - 3*f**4/4 - 11*f**3/6 + 3*f**2/2 - 630*f - 1. Calculate s(10).
-7
Let d(j) be the third derivative of j**5/60 - 5*j**4/24 + 2*j**3/3 + 29*j**2. Let q = 9 - 9. Suppose -4*o = -k - 9, 3*o - 4*o - 5*k + 18 = q. Give d(o).
-2
Suppose 0 = 3*i + 4 - 10. Let r(q) = 5 - 6 + i - 4*q. What is r(1)?
-3
Let k(h) = h**2 + 7*h + 7. Let i be k(-6). Let n(a) = 13*a**2 + i + 0 - 7*a**2 + a**2 - a. Calculate n(1).
7
Let t(m) be the second derivative of -m**4/4 - m**3/3 + 3*m**2/2 - 17*m - 2. Give t(-2).
-5
Let k(a) = -17*a**2 + 5*a**3 - 4*a**3 - 7*a + 0*a**3 + 24*a - 17. Let b be k(16). Let v(h) be the third derivative of h**4/3 - h**2. Determine v(b).
-8
Let d(t) = 5*t + 1. Let f(w) be the first derivative of 2*w**2 + w + 2. Let g be (-1)/(-2)*(3 + -11). Let p(c) = g*f(c) + 3*d(c). Give p(4).
-5
Let c(n) = n**2 - 6*n + 5. Let x(u) = 3*u**2 - 11*u + 10. Let g(i) = 5*c(i) - 2*x(i). Let k be g(-8). Let m(z) = -z**2 + 5*z - 6. Give m(k).
-6
Let z = 3 - 2. Let p(l) = 10*l + 6*l + z - 14*l + 2. Give p(-5).
-7
Suppose -8 = -5*j + 52. Let s(u) = -j + 6*u - 18 + u. Let t(b) = 3*b - 15. Let i(l) = -4*s(l) + 9*t(l). What is i(0)?
-15
Let b = -623 - -619. Let g(f) = f**3 + 2*f**2 - 7*f - 5. What is g(b)?
-9
Let a(f) be the third derivative of f**6/120 + f**5/60 - f**3/6 + 211*f**2. Give a(2).
11
Let p(h) = -h**3 + 15*h**2 + 2*h - 34. Let q be p(15). Let n be 2/10 + 196/20. Let j(i) = 0*i - n + 5 - i. Calculate j(q).
-1
Let j(s) be the second derivative of -s**4 - s**3/6 - 10*s. Let g = -53 - -52. Determine j(g).
-11
Let i = -133 + 133. Suppose i = 5*o + 2*o - 42. Let g(f) = f**2 - 4*f - 7. Calculate g(o).
5
Let h(z) = -2*z**2 + 1. Suppose 0 = 42*y - 46*y + 412. Let u = 101 - y. What is h(u)?
-7
Let y(g) be the second derivative of g**3/6 + 3*g**2 + 531*g. What is y(-13)?
-7
Suppose -3*b + 15 = 0, -5*b = t - 7*b + 8. Let r(c) = 49*c + 20*c**3 - 48*c + c**2 - c**t. Give r(1).
21
Let w be (1/(-5))/((-8)/120). Let s(f) = -f**3 + 5*f**2 - 3*f + 3. Give s(w).
12
Let m(t) = 2*t + 10. Let j be m(-8). Let c(z) = z**2 + 5*z - 11. Let v be c(j). Let r(s) = -s. Determine r(v).
5
Let s(j) = -j**3 + 7*j**2 + 5*j + 10. Suppose -6*v + 47 = -1. Calculate s(v).
-14
Let o(s) be the second derivative of 0 + 1/12*s**4 + 1/20*s**5 + 3/2*s**2 + 21*s - 1/6*s**3. What is o(-3)?
-12
Let u(c) = c**3 + 4*c**2 - 6*c - 2. Let a(j) = j - 47. Let d be a(42). What is u(d)?
3
Let m(z) = 5*z**2 - 15*z - 6. Let f(s) = 2*s**2 - 2*s. Let x(v) = -2*f(v) + m(v). Determine x(11).
-6
Let x be ((-6)/(-9) + 4/3)*1. Let u(y) = 1 - 1 - 1 - x*y + y**2 - 1. Calculate u(3).
1
Suppose 24*a - 22*a = 5*l + 34, -3*a + 23 = -4*l. Let g(z) be the first derivative of 3*z**2/2 + 8*z + 1. What is g(l)?
-16
Let z(b) = -b**3 + 8*b**2 - 7*b + 6. Let t(g) = 40*g - 5. Let j be t(2). Let v = 82 - j. Give z(v).
6
Suppose 8*z - 6*z + 18 = 0. Let i(p) = p**2 + 10*p + 3. Let v be i(z). Let t be 2/3*v + 0. Let y(h) = -h - 3. Calculate y(t).
1
Let t be 40/(-16)*(-9 - -11). Let s(u) = 3 - 4 + 2 - 4*u**2 + 6*u - u**3 - 6. Gi